te the remainder when 1468 is divided by 35.
33
Calculate the remainder when 1460 is divided by 122.
118
Calculate the remainder when 479 is divided by 37.
35
Calculate the remainder when 302 is divided by 2.
0
Calculate the remainder when 397 is divided by 25.
22
What is the remainder when 12 is divided by 7?
5
Calculate the remainder when 1157 is divided by 90.
77
Calculate the remainder when 643 is divided by 23.
22
What is the remainder when 9144 is divided by 15?
9
What is the remainder when 15571 is divided by 34?
33
Calculate the remainder when 23936 is divided by 36.
32
What is the remainder when 123838 is divided by 12?
10
What is the remainder when 58057 is divided by 13?
12
Calculate the remainder when 139 is divided by 70.
69
What is the remainder when 9698 is divided by 100?
98
Calculate the remainder when 225 is divided by 44.
5
Calculate the remainder when 69 is divided by 15.
9
What is the remainder when 1086 is divided by 241?
122
Calculate the remainder when 16110 is divided by 106.
104
What is the remainder when 2037 is divided by 10?
7
What is the remainder when 2106 is divided by 142?
118
Calculate the remainder when 91 is divided by 20.
11
Calculate the remainder when 267 is divided by 34.
29
What is the remainder when 2649 is divided by 156?
153
Calculate the remainder when 127 is divided by 12.
7
Calculate the remainder when 1579 is divided by 264.
259
What is the remainder when 87 is divided by 32?
23
What is the remainder when 282 is divided by 18?
12
Calculate the remainder when 397 is divided by 201.
196
What is the remainder when 525 is divided by 51?
15
Calculate the remainder when 469 is divided by 43.
39
What is the remainder when 884 is divided by 222?
218
Calculate the remainder when 271 is divided by 81.
28
What is the remainder when 401 is divided by 31?
29
What is the remainder when 242 is divided by 20?
2
Calculate the remainder when 128 is divided by 35.
23
Calculate the remainder when 427 is divided by 12.
7
What is the remainder when 275 is divided by 74?
53
What is the remainder when 2042 is divided by 70?
12
Calculate the remainder when 746 is divided by 75.
71
Calculate the remainder when 3203 is divided by 17.
7
Calculate the remainder when 205 is divided by 30.
25
What is the remainder when 359 is divided by 20?
19
Calculate the remainder when 189 is divided by 49.
42
What is the remainder when 1643 is divided by 12?
11
What is the remainder when 203 is divided by 34?
33
What is the remainder when 505 is divided by 499?
6
Calculate the remainder when 520 is divided by 6.
4
What is the remainder when 44 is divided by 37?
7
Calculate the remainder when 72 is divided by 18.
0
What is the remainder when 151 is divided by 43?
22
Calculate the remainder when 181 is divided by 17.
11
Calculate the remainder when 793 is divided by 273.
247
Calculate the remainder when 262 is divided by 77.
31
Calculate the remainder when 3813 is divided by 76.
13
What is the remainder when 478 is divided by 378?
100
Calculate the remainder when 23 is divided by 6.
5
Calculate the remainder when 1488 is divided by 10.
8
Calculate the remainder when 2686 is divided by 14.
12
What is the remainder when 320 is divided by 164?
156
What is the remainder when 4332 is divided by 16?
12
What is the remainder when 141 is divided by 49?
43
Calculate the remainder when 483 is divided by 145.
48
What is the remainder when 1208 is divided by 13?
12
What is the remainder when 268 is divided by 4?
0
What is the remainder when 4387 is divided by 38?
17
What is the remainder when 2106 is divided by 304?
282
Calculate the remainder when 53 is divided by 26.
1
Calculate the remainder when 3060 is divided by 58.
44
What is the remainder when 1986 is divided by 165?
6
What is the remainder when 2349 is divided by 84?
81
What is the remainder when 554 is divided by 80?
74
What is the remainder when 534 is divided by 174?
12
What is the remainder when 228 is divided by 47?
40
Calculate the remainder when 483 is divided by 185.
113
Calculate the remainder when 84 is divided by 2.
0
Calculate the remainder when 186 is divided by 21.
18
What is the remainder when 743 is divided by 124?
123
What is the remainder when 5 is divided by 3?
2
What is the remainder when 66 is divided by 5?
1
Calculate the remainder when 295 is divided by 20.
15
What is the remainder when 696 is divided by 70?
66
What is the remainder when 312 is divided by 5?
2
What is the remainder when 367 is divided by 75?
67
What is the remainder when 472 is divided by 73?
34
Calculate the remainder when 285 is divided by 26.
25
Calculate the remainder when 13417 is divided by 220.
217
What is the remainder when 186 is divided by 98?
88
What is the remainder when 153 is divided by 82?
71
What is the remainder when 111 is divided by 58?
53
What is the remainder when 586 is divided by 98?
96
What is the remainder when 1566 is divided by 16?
14
Calculate the remainder when 93 is divided by 16.
13
What is the remainder when 2393 is divided by 409?
348
What is the remainder when 270 is divided by 16?
14
What is the remainder when 12 is divided by 10?
2
What is the remainder when 61 is divided by 37?
24
Calculate the remainder when 758 is divided by 146.
28
Calculate the remainder when 368 is divided by 80.
48
What is the remainder when 376 is divided by 9?
7
Calculate the remainder when 463 is divided by 31.
29
What is the remainder when 99 is divided by 37?
25
Calculate the remainder when 40 is divided by 8.
0
Calculate the remainder when 1236 is divided by 15.
6
What is the remainder when 29510 is divided by 119?
117
What is the remainder when 222 is divided by 72?
6
What is the remainder when 664 is divided by 111?
109
Calculate the remainder when 44 is divided by 39.
5
Calculate the remainder when 3138 is divided by 157.
155
What is the remainder when 145 is divided by 75?
70
What is the remainder when 249 is divided by 68?
45
Calculate the remainder when 150 is divided by 19.
17
What is the remainder when 529 is divided by 10?
9
Calculate the remainder when 153 is divided by 4.
1
Calculate the remainder when 402 is divided by 101.
99
What is the remainder when 1997 is divided by 111?
110
Calculate the remainder when 541 is divided by 110.
101
What is the remainder when 67 is divided by 5?
2
What is the remainder when 19676 is divided by 11?
8
Calculate the remainder when 2946 is divided by 102.
90
Calculate the remainder when 7142 is divided by 8.
6
What is the remainder when 345 is divided by 38?
3
Calculate the remainder when 84 is divided by 33.
18
What is the remainder when 131 is divided by 7?
5
What is the remainder when 1822 is divided by 48?
46
What is the remainder when 203 is divided by 135?
68
Calculate the remainder when 778 is divided by 41.
40
What is the remainder when 2157 is divided by 80?
77
What is the remainder when 6639 is divided by 3313?
13
What is the remainder when 827 is divided by 23?
22
What is the remainder when 529 is divided by 74?
11
What is the remainder when 5631 is divided by 64?
63
What is the remainder when 223 is divided by 15?
13
What is the remainder when 71 is divided by 27?
17
What is the remainder when 338 is divided by 88?
74
Calculate the remainder when 1145 is divided by 290.
275
What is the remainder when 849 is divided by 10?
9
What is the remainder when 200 is divided by 75?
50
Calculate the remainder when 156 is divided by 64.
28
Calculate the remainder when 186 is divided by 69.
48
What is the remainder when 1151 is divided by 286?
7
Calculate the remainder when 103 is divided by 9.
4
Calculate the remainder when 167 is divided by 7.
6
What is the remainder when 185 is divided by 4?
1
Calculate the remainder when 72 is divided by 37.
35
What is the remainder when 75 is divided by 38?
37
What is the remainder when 39479 is divided by 12?
11
Calculate the remainder when 950 is divided by 59.
6
Calculate the remainder when 33 is divided by 22.
11
Calculate the remainder when 516 is divided by 65.
61
Calculate the remainder when 729 is divided by 360.
9
What is the remainder when 403 is divided by 192?
19
What is the remainder when 1879 is divided by 21?
10
What is the remainder when 109 is divided by 19?
14
What is the remainder when